1
Suppose 2*v + 16 = 3*m - 2*m, 5*v = 3*m - 49. Suppose 4*a - m = 2. Suppose 3*z - 100 = a. What are the prime factors of z?
5, 7
Suppose 3124 = -45*k + 56*k. List the prime factors of k.
2, 71
Let q be (4 - (1 + -112 - -1))/1. Suppose 4*n - n - q = 0. List the prime factors of n.
2, 19
Let p(l) = 23*l**2 - 2 - 40*l**2 - 1 + 21*l**2. Let s be (-6)/(-3 - (0 + -1)). List the prime factors of p(s).
3, 11
Let q = -61 + 111. Let i = 87 - q. List the prime factors of i.
37
List the prime factors of ((-108)/(-90))/((-3)/(-1010)).
2, 101
Suppose 4*c = c - 5*m + 16, 0 = -5*c + 4*m + 39. Let z(s) = -s**3 + 6*s**2 + 7*s + 8. Let n be z(c). Let o = n - -19. What are the prime factors of o?
3
Let k = -15 + 3. What are the prime factors of 495/10 + k/8?
2, 3
Let c(h) = h**3 + 10*h**2 - 24*h - 6. Let j be c(-12). List the prime factors of 5782/112 + j/(-16).
2, 13
Let k = -54 - -55. What are the prime factors of (-18)/(5/(-45)*k)?
2, 3
Let p be ((-4)/(-1) - -1)*21. Suppose -6 = 2*n, n = 3*s + 6*n - p. What are the prime factors of s?
2, 5
List the prime factors of ((-427)/2)/(-11 - (-917)/84).
2, 3, 7, 61
Let l be 4/16 - (-51)/(-12). What are the prime factors of 2/(-2)*(-196 + l)?
2, 5
Suppose -4*o + 15 = 51. Let n(k) = k**2 - k + 4. Let m be n(4). Let x = m - o. List the prime factors of x.
5
Let c be (-600)/(-88) + (-2)/(-11). List the prime factors of ((-2)/5)/(c/(-1890)).
2, 3
Let a be ((-18)/1)/(15/(-20)). Let d = a + 62. What are the prime factors of d?
2, 43
Let h = -100 + 144. Suppose -9*q - h = -13*q. List the prime factors of q.
11
Let y = -4 + 4. Suppose -3*v + o + 0*o = -126, -4*v - 3*o + 168 = y. Let k = -15 + v. What are the prime factors of k?
3
Let w = 1451 - -395. What are the prime factors of w?
2, 13, 71
Let j(v) = -v**2 - 6*v - 16. Let o be j(-6). Let h = o + 3. Let c = h + 41. List the prime factors of c.
2, 7
Let o(f) = 147*f**2 - 32*f - 141. What are the prime factors of o(-5)?
2, 1847
Suppose -149 - 38 = -g. Suppose 6*h - h - 230 = 2*f, 4*h - g = f. What are the prime factors of h?
2, 3
Suppose 9*n + 538 = t + 12*n, -5*t - 4*n + 2690 = 0. List the prime factors of t.
2, 269
Let d = 2 + 6. Suppose -2*f - 2*s = -5*s + d, -2*s = -4. Let g(l) = -4*l - 1. What are the prime factors of g(f)?
3
Let v(t) = -t**2 - 6*t - 12. Let g(h) = -h - 1. Let f(j) = 4*g(j) - v(j). Let z(m) = -m - 11. Let q be z(-15). List the prime factors of f(q).
2
Suppose 0 = 5*t + 2*c + 2950, -3*c - 15 = -6*c. Let h = -419 - t. List the prime factors of h.
173
Suppose 0 = -4*u - 36 - 8. Let w = u - -46. What are the prime factors of w?
5, 7
Let j = -34 - -30. Let n be (-13 + 1)/j - 1. Suppose 3*m = n*t + 145, t - 26 = -2*m + 59. What are the prime factors of m?
3, 5
Let c(p) = -10*p + 2863. Let b be c(0). Suppose -b = -11*f - 817. What are the prime factors of f?
2, 3, 31
Suppose 1009 + 707 = 13*l. Let f = 271 - l. List the prime factors of f.
139
Suppose 2*y = -g + 1782, 179*y = -3*g + 178*y + 5371. List the prime factors of g.
2, 7
Suppose -2*w - 4*y + 28 = 2*w, 0 = y. Suppose -235 = -w*z + 2*z. List the prime factors of z.
47
Suppose -9 - 1 = -5*i. Suppose 380 = i*o + 60. What are the prime factors of o?
2, 5
Suppose 0 = 2*n + 2*z - 459 - 317, -4*z - 20 = 0. What are the prime factors of n?
3, 131
Let s(b) = 1155*b - 4. What are the prime factors of s(1)?
1151
Suppose 2*p - 3*j = 20 + 4, -5*j - 44 = -4*p. Suppose 2*w = 12 - p. List the prime factors of (0 - -23) + (5 - w).
5
Let u(y) be the first derivative of y**2 + 8*y + 2. Let w = -12 - -18. List the prime factors of u(w).
2, 5
Suppose -4*v + 178 = -c, -5*v + 231 = -c + 4*c. List the prime factors of v.
3, 5
Let o = -81 - -115. Let m = 8 - 6. Suppose 15 + 1 = 2*c - 5*n, m*c = -4*n + o. What are the prime factors of c?
13
Let b(i) = 1406*i**2 - 17*i + 16. List the prime factors of b(1).
5, 281
Suppose 0 = -5*j - 5*l + 865, -2*j + j + 173 = 2*l. List the prime factors of j.
173
Suppose 2329 = 2*n - 5*i, 10*n + 1162 = 11*n - 5*i. What are the prime factors of n?
3, 389
Let d = 8 - 18. Let c = 50 + d. Suppose a - c = 3*n, 0*n = 3*n - 12. List the prime factors of a.
2, 13
Let d = 274 + 70. List the prime factors of d.
2, 43
Let b(m) be the second derivative of -m**4/12 + 11*m**3/6 + 5*m**2/2 - 44*m. Suppose -5*l + 12 + 13 = 0. What are the prime factors of b(l)?
5, 7
Let h(d) = 63*d + 29. What are the prime factors of h(27)?
2, 5, 173
Suppose -2*d - 3*w + 1066 = -7*w, 4*w + 1591 = 3*d. List the prime factors of d.
3, 5, 7
Let s(b) = b - 1. Let a(k) = -k**3 + 9*k**2 + 11. Let c(y) = -a(y) - s(y). Let q be c(9). Let o = 34 + q. What are the prime factors of o?
3, 5
Let w(a) be the first derivative of -2*a**2 + 14/3*a**3 + 3*a + 3 + 1/4*a**4. List the prime factors of w(-14).
59
Suppose 20 = -3*q - 0*m + m, 3*q = 5*m - 4. Let d(k) = k**3 - 15*k**2 - 3*k + 63. Let z be d(15). Let f = z + q. List the prime factors of f.
2, 5
Let c(p) = -306*p - 209. What are the prime factors of c(-17)?
4993
Let f = 1510 + 1613. What are the prime factors of f?
3, 347
Let x(n) = -2*n**3 + 3*n**2 + n + 3. Let l be x(3). Let u = l - -24. Suppose 15 = -u*a, 5*a + 36 = 2*p - 49. What are the prime factors of p?
2, 3, 5
Suppose -17*o = -13*o - 520. Suppose 11 = -3*i - 5*z + 205, 2*i + 4*z - o = 0. List the prime factors of i.
3, 7
Let d(s) = s**3 + 20*s**2 - 5*s - 19. List the prime factors of d(-19).
19, 23
Suppose 4*i = -4*l + 76, 3*i + 2*l - 47 = 4*l. Suppose 0 = -2*o - j - i, 2*j - 26 = 5*o + 3. List the prime factors of o/(((-28)/(-8))/(-7)).
2, 7
Let d(s) = -s**3 + 6*s**2 + 4*s - 5. Let v be d(6). Let o = -17 + v. What are the prime factors of (-81)/(-5) + o/(-10)?
2
Let p(k) = -16*k**3 + 41*k**2 - 11*k - 4. Let f(l) = -3*l**3 + 8*l**2 - 2*l - 1. Let x(b) = -11*f(b) + 2*p(b). What are the prime factors of x(6)?
3
Suppose 12*x + 36 = 15*x. What are the prime factors of 54/(-4)*x/(-9)?
2, 3
Let a(l) = 4*l**3 - 3*l**2 + 20*l + 9. Let n(b) = 2*b**3 - 2*b**2 + 10*b + 5. Let o(s) = 4*a(s) - 7*n(s). List the prime factors of o(4).
3, 67
Let q be 1 + (-2 - -2)/(-4). Let n(h) = q + 24*h - 5*h - 2 + 14*h. What are the prime factors of n(1)?
2
What are the prime factors of ((-1)/(-3))/((-690651)/69066 + 10)?
2, 1279
Let f = 8 - 13. Let i(n) = 31*n**2 + 2*n + 1. Let h be i(-1). Let z = h + f. List the prime factors of z.
5
Let h(i) = -12*i - 4. Let x be h(-5). Suppose x = d - 3*u - 99, -d + 4*u = -154. What are the prime factors of d?
2, 79
List the prime factors of (-3 - 12714/(-15)) + 12/30.
5, 13
Let g = 164 - 114. Suppose 0 = 58*c - 51*c - 224. Let x = g - c. List the prime factors of x.
2, 3
Let l(a) = 50*a. Suppose 4 = -4*p - 3*z - 1, 2*p = -3*z - 7. List the prime factors of l(p).
2, 5
Suppose 0*c = -4*k + c + 20, 0 = 5*c. Let y(h) = 14*h - 12. List the prime factors of y(k).
2, 29
Suppose w - 260 + 83 = 0. Let g = w + -103. Let x = g - 47. List the prime factors of x.
3
Let k be (-14)/(-2) - (-3)/(-1). List the prime factors of -74*(-2)/(16/k).
37
List the prime factors of ((-1648)/20)/(4*(-5)/50).
2, 103
Let f(r) = 4*r**2 + 2*r - 17. Let n be f(13). Suppose -n = -0*g + 5*g. Let c = -70 - g. List the prime factors of c.
67
Suppose 2*l + 3*f - 5 = 4*f, -4*f + 13 = 3*l. Let w(q) = -5*q - 3 - 2 + l + 1. What are the prime factors of w(-1)?
2
Let k be ((-12)/8)/(-3)*2. Let b = k + 4. Suppose -335 = -0*j - b*j. What are the prime factors of j?
67
What are the prime factors of -4716*2/(-6)*(-51)/(-34)?
2, 3, 131
Suppose i + 20 = -0*i - 5*m, 0 = 5*i + 2*m - 15. Suppose -59 = i*n - 454. What are the prime factors of n?
79
Let m = -16 + 5. Suppose -4*b + 43 = -61. Let k = m + b. What are the prime factors of k?
3, 5
Suppose -5*m = 3*y - 75, -y - y = 0. Let r(o) = 6*o + 3. Let u be r(-2). Let x = u + m. What are the prime factors of x?
2, 3
List the prime factors of 3/(-9) + (23742/27 - -1).
2, 5, 11
Let v(r) = -40*r - 41. List the prime factors of v(-3).
79
Let p(j) = -2 + 2*j**3 + 2*j**3 - 4*j - 3*j**3 - 2*j**2. Let l be p(4). Let v = l - 5. What are the prime factors of v?
3
Suppose -2*y + y + 486 = 3*p, -4*y + 1978 = -5*p. What are the prime factors of y?
2, 3, 41
Let a be ((-1)/3)/(1/(-9)). Let u(n) = -n**3 + 4*n**2 - 4*n + 2. Let l be u(a). List the prime factors of 15*(2 + l)/1.
3, 5
Suppose -2*a = f - 92, -3*a + 0*a - 346 = -4*f. Suppos